at are the prime factors of j?
2, 3
Suppose 4*a + 0*a - 305 = 5*v, -2*a - 5*v = -115. What are the prime factors of a?
2, 5, 7
Suppose -2*o + 0*o = -10. Suppose 3*l + 4*y - 19 - 81 = 0, -190 = -o*l + 5*y. What are the prime factors of l?
2, 3
Let y be ((-27)/(-12))/(1/8). Let h = y - 35. Let g = -8 - h. What are the prime factors of g?
3
Let y be 5/(5/8) + -4. Suppose 0 = -0*o + 5*o + 4*g - 185, -2*o + y*g + 46 = 0. List the prime factors of o.
3, 11
Let p = 258 + 37. What are the prime factors of p?
5, 59
What are the prime factors of (12/(-7))/((-44)/1386)?
2, 3
Let o be (7/(28/16))/2. Let h(v) = 15*v - 2. What are the prime factors of h(o)?
2, 7
Suppose -2 = -0*c - c. Suppose 5*u - 15 = c*u. What are the prime factors of u?
5
Let m be (1/(-1))/(1/(-2)). Let p be (1 - 0) + (m - 0). Suppose -4*k - p*a = -6*a - 59, 3*a = 5*k - 70. What are the prime factors of k?
11
Let m(c) = c**2 + 3*c + 4. List the prime factors of m(3).
2, 11
Suppose -2*j = -5 + 1. Suppose -j*y + 37 = 3*k, 0 = 5*k + 3*y - 4*y - 66. What are the prime factors of k?
13
Let o = 12 - 7. List the prime factors of 0 - o/(10/(-8)).
2
List the prime factors of 47*(-5 + 4)*-1.
47
Suppose 0 = -0*o + 2*o - 644. Suppose -5*u + 2*c = -o, 0*c - c + 136 = 2*u. Suppose -3*f = -3, -3*v - 4*f = -u + 8. List the prime factors of v.
2, 3
Suppose 2*p - 1 - 37 = 0. List the prime factors of p.
19
Let d(h) = h**3 + 6*h**2 + 3*h - 4. Let o be d(-4). Suppose 0 = -3*f + 2 + o. What are the prime factors of f?
2, 3
Suppose 5*f - 4*f - 17 = 0. List the prime factors of f.
17
Let z(n) = n**3 + 12*n**2 + 16*n + 19. What are the prime factors of z(-10)?
59
Suppose 0*p - 7*p + 546 = 0. List the prime factors of p.
2, 3, 13
Let m(f) = 4*f**2 + 2*f + 2 - 1 - 3*f**2 + 3*f**2. What are the prime factors of m(-2)?
13
Suppose 0 = -s - 8 + 23. Suppose -5*y + 2*n = 170, -2*n = -y - 11 - s. Let x = y - -57. List the prime factors of x.
3, 7
Suppose -5*h - 13 = -3*i, 0 = -i - 5*h + 13 - 2. What are the prime factors of i?
2, 3
Let v(s) = 25*s**2. Let a be v(1). Suppose -31 = -4*k + a. Let i = k - 1. List the prime factors of i.
13
What are the prime factors of 4 + (0 - -2) + 133?
139
Let w(a) = 10*a**2 - 11*a. Let k(m) be the third derivative of m**5/30 - m**4/12 + 3*m**2. Let t(v) = 11*k(v) - 2*w(v). What are the prime factors of t(-2)?
2
Let i(k) be the third derivative of -k**4/4 + k**3/6 - 3*k**2. Let l(b) = 5*b - 1. Let a(g) = -4*i(g) - 5*l(g). List the prime factors of a(-8).
3
Suppose -d + 64 = 3*d. Suppose 0*u - d = -u. Suppose 0 = -2*y - 2, 3*l + y = -y + u. List the prime factors of l.
2, 3
Suppose -4*p + 0 + 2 = 2*n, -3*n = -4*p + 27. Suppose -t + 28 = p*r + t, 2*t = 4*r - 42. List the prime factors of r.
2, 5
Suppose 24 - 104 = -5*b. Suppose 3*f = p + 4, -2*p - p + b = 5*f. List the prime factors of p.
2
Let w(k) = k**3 + 4*k**2 + 2. Let v = 5 + -1. Let n be (-6)/(-1 + v)*2. List the prime factors of w(n).
2
Suppose 37 = -7*a + 625. List the prime factors of a.
2, 3, 7
Let n = -52 + 77. List the prime factors of n.
5
What are the prime factors of -1 + 107 + (8 - 6 - 2)?
2, 53
Let j(g) = g**3 + 8*g**2 - 10*g - 5. Let r be j(-9). Suppose 0 = 5*y - 15, -r*y + 5 = -m - 5. What are the prime factors of m?
2
Suppose 2*w = n + 120, 4*w - 26 - 214 = n. List the prime factors of w.
2, 3, 5
Let a be -1*2/4*14. Let b = -11 + 6. Let r = b - a. What are the prime factors of r?
2
Let y be 30/(-2) + 3/1. What are the prime factors of y/(-2) - 9/(-3)?
3
Let s(h) = -h**3 + 6*h**2 - 3*h - 1. Let w be (2/6)/(1/9). List the prime factors of s(w).
17
Let u = 14 - 9. Suppose -t + u*t = 12. What are the prime factors of t?
3
Let l = -3 - -6. Suppose l*a - 2*x = 5*a + 4, -a + 2*x + 13 = 0. Let y(r) = r**3 - 2*r**2 + r - 3. What are the prime factors of y(a)?
3
Let v = 12 + -124. List the prime factors of (-1)/(v/(-38) - 3).
19
Suppose 2*g = -0*g + 22. Suppose 2*s - 40 = -3*s - 5*a, -g = -4*s + 3*a. What are the prime factors of s?
5
Let l be -2*3/(-3) - -1. Suppose -4*j + l = -3*j. Suppose -4*a - 4*h = -h - 54, 0 = j*h - 6. List the prime factors of a.
2, 3
Let u(w) be the third derivative of w**5/30 + w**4/24 + w**3/6 + 3*w**2. What are the prime factors of u(-3)?
2
Let s = -3 + 103. Suppose 2*o - s = -14. What are the prime factors of o?
43
Let o(k) = 3*k**2 + 11*k - 5. Let r be o(5). Suppose 5*h - r = -4*v, -3*v + 111 = h - 3*h. What are the prime factors of v?
5, 7
Suppose -y + 3 = 3*b, 3*b = 2*b + y - 3. Suppose -2*q = -6, b = v + 2*q + 3*q - 24. List the prime factors of v.
3
Suppose 4*n - 13 = 27. What are the prime factors of n?
2, 5
Suppose -17 - 31 = -6*t. What are the prime factors of t?
2
Let z be (1 + (-57)/(-15))*-5. Let u = -12 - z. List the prime factors of u.
2, 3
Let z be -2 - (-1 + -6 + 3). Suppose 2*h - 4*i + 5*i - 74 = 0, z*i - 109 = -3*h. List the prime factors of h.
3, 13
Let l = -2 + 7. Let a(r) = r**3 - r**2 - r. Let b be a(2). Suppose -5*i - 12 + 51 = b*x, -l*x = 5*i - 45. List the prime factors of i.
7
List the prime factors of 398/10 - (-7)/35.
2, 5
Suppose 4*c - 23 = -3. Suppose 17 = c*w + 2. Suppose -w*b - 21 = -6*b. List the prime factors of b.
7
Let v = 3 - 4. Let r = -1 - v. Suppose r = 3*l - l - 6. List the prime factors of l.
3
Let p be 5/((-5)/3) + 11. Let o = p + 8. What are the prime factors of o?
2
Suppose 0*p + p = 5*d - 181, d + 4*p = 53. List the prime factors of d.
37
Suppose 0*s + 3*z = s - 18, 2*s = -3*z - 9. Let f = 18 - 12. Suppose -s*a + f = -0*a. List the prime factors of a.
2
Let w(h) = -7*h + 16. Suppose -2*s + 15 = -3*s + 2*v, -3*s = 3*v. What are the prime factors of w(s)?
3, 17
Suppose -5*j + 44 = 4*c, -2*c + 67 = -5*j + 15. Suppose -3*o - f + 27 = 7, -f - c = -3*o. What are the prime factors of o?
2, 3
Let v = -116 - -250. List the prime factors of v.
2, 67
Let t(z) = z**2 - 3. List the prime factors of t(5).
2, 11
Let l = 11 + 6. Let k be 6/(-30) - 122/(-10). Let c = l - k. List the prime factors of c.
5
Let f = 15 - -2. Suppose 0 = 4*x - 67 - f. List the prime factors of x.
3, 7
Suppose 5*o = 2*z - 44, -4 = 4*z + 8. Let a = o - -14. Suppose -5*d + a = -31. List the prime factors of d.
7
Let c(a) = 1. Let p(n) = -n - 10. Let f(r) = 14*c(r) + 2*p(r). Let i be f(-6). Let z = i - -1. List the prime factors of z.
7
Let u = 3 + -10. Let h(f) = -5*f - 10. List the prime factors of h(u).
5
Suppose 0 = -5*t + 4*s + 19 + 18, -2*s + 22 = 2*t. What are the prime factors of t?
3
Let m = -27 + 10. Let v = 35 + m. What are the prime factors of v?
2, 3
Let c = -117 - -177. What are the prime factors of c?
2, 3, 5
Let q(f) = f**3 + 6*f**2 - 8*f + 10. Let t(y) = -3*y + 5. Let d be t(4). What are the prime factors of q(d)?
17
Suppose -5*m = 3*u - 122, -5*u + 260 = m - 4*m. What are the prime factors of u?
7
Suppose 3*v - 82 = 20. Suppose -k + 3*h = k - 24, -5*k + v = -h. What are the prime factors of k?
2, 3
Let x(a) = -1 - 2*a + 1 - 3. Let h be x(5). Let v = -8 - h. List the prime factors of v.
5
List the prime factors of (2 - (-13)/(-3))*57/(-1).
7, 19
Let z(u) = 2*u**2 + 2*u + 31. List the prime factors of z(7).
11, 13
Suppose -288 = -53*v + 49*v. List the prime factors of v.
2, 3
Let u(o) = 46*o + 2. What are the prime factors of u(2)?
2, 47
Suppose 7 = -3*v + c, -5*c - 27 = 2*v + 6. Let s be (-1)/2 + (-10)/v. Suppose 2*g + 3*g - 2*o = 31, s*g - 2*o = 10. List the prime factors of g.
7
Let q(r) = r**3 + 5*r**2 + 4*r - 4. Let n be q(-4). Let f be n/22 - 105/(-33). Let x(j) = j. List the prime factors of x(f).
3
Suppose -s + 1295 = -5*a + 10*a, 4*a = -5*s + 1015. What are the prime factors of a?
2, 5, 13
What are the prime factors of (1 - 0) + 2 + 17?
2, 5
Suppose -4*k + 63 = -9. List the prime factors of k.
2, 3
Let y = 3 + -1. Suppose 30 = 3*l - 2*u, 2*l = y*u - 0*u + 22. List the prime factors of l.
2
Let x be (3 - 2)*6/2. Let d(y) = y**3 - 2*y. Let h be d(x). Let a = 33 - h. List the prime factors of a.
2, 3
Let z(v) = v**3 + 4*v**2 - 4*v + 7. Suppose -3*w = -0*w + 36. Let k be 2*3/(w/10). List the prime factors of z(k).
2
Suppose 3*c - b = -66, -c - 2*b = -5*c - 86. Let l = c + 41. Let p = -13 + l. What are the prime factors of p?
5
Suppose -3*l + 2*l = -2. Suppose -3 = k - l. List the prime factors of (6/2)/((-1)/k).
3
Let h be (-1)/(-4) - (-2)/(-8). Suppose h*f - 5*f = -60. 